 - 6?
-1c0a
In base 11, what is a84 + -10?
a74
In base 11, what is -4 - -110172?
110169
In base 13, what is -2815 + -5?
-281a
In base 2, what is 1001000000 - -1100110110001?
1101111110001
In base 11, what is -23 + a4?
81
In base 13, what is 13cc + 8?
1407
In base 6, what is 40 - 20122?
-20042
In base 13, what is 1 - -3411?
3412
In base 7, what is -201 - -1613?
1412
In base 5, what is 11 + -110311?
-110300
In base 10, what is 4992 + -557?
4435
In base 10, what is -66 - 2874?
-2940
In base 16, what is 1528c - 2?
1528a
In base 2, what is -1100100101010 + -1000?
-1100100110010
In base 16, what is -20937 - 5?
-2093c
In base 7, what is 0 + -11466?
-11466
In base 15, what is dea - -9?
e04
In base 9, what is -63646 + 121?
-63525
In base 12, what is 231 + 102?
333
In base 5, what is 202 - 2202104?
-2201402
In base 15, what is b3 + bc?
180
In base 5, what is 1 + -424120?
-424114
In base 5, what is 1024424430 - 0?
1024424430
In base 14, what is -22704 + -1?
-22705
In base 14, what is bc9 + -22?
ba7
In base 15, what is 3e - ee7?
-ea8
In base 4, what is 30 + -102312?
-102222
In base 9, what is -56156 - -7?
-56148
In base 11, what is 2021 + 66?
2087
In base 6, what is 0 + 551340?
551340
In base 9, what is 3732478 - 3?
3732475
In base 2, what is 1100110100110 + -10010?
1100110010100
In base 13, what is 13 - -5cc?
612
In base 10, what is 20 - -246?
266
In base 9, what is -253023 + -1?
-253024
In base 6, what is -30 - 400220?
-400250
In base 12, what is 49 + -30?
19
In base 8, what is -3 + -506?
-511
In base 7, what is -1 - 25554?
-25555
In base 7, what is 1626 - -105?
2034
In base 14, what is 59 - -949?
9a4
In base 9, what is 128477 - -6?
128484
In base 15, what is 3 - -d06b2?
d06b5
In base 11, what is 49190 + -11?
4917a
In base 13, what is 10 - 290ac?
-2909c
In base 15, what is 17b - -24?
1a0
In base 10, what is -3033 + -1617?
-4650
In base 2, what is -11011111010000 + -110?
-11011111010110
In base 7, what is -10 + 3445?
3435
In base 11, what is -21a6 + -19?
-2214
In base 8, what is 44 + -116114?
-116050
In base 2, what is 101100101 + 1110111?
111011100
In base 11, what is -60 - 44a7?
-4557
In base 2, what is -10111011 + 100011?
-10011000
In base 8, what is 26 - -4146?
4174
In base 11, what is 0 - 343a5?
-343a5
In base 4, what is 20 - -222303?
222323
In base 12, what is -2123 - 280?
-23a3
In base 16, what is 5b - 186?
-12b
In base 15, what is 16 + 6a?
81
In base 3, what is -1010121012021 + 12?
-1010121012002
In base 6, what is -333112 + 5?
-333103
In base 7, what is -620230 + 0?
-620230
In base 14, what is 5 + 10d36?
10d3b
In base 6, what is -143135 - -31?
-143104
In base 8, what is 1200022 + 13?
1200035
In base 6, what is -142532 + -115?
-143051
In base 3, what is 11 - -201022220?
201100001
In base 16, what is -66 + 3e11?
3dab
In base 16, what is 0 + -b2cf?
-b2cf
In base 13, what is 13 + 726?
739
In base 13, what is -53 + -159?
-1ac
In base 9, what is -16 + -112216?
-112233
In base 7, what is 1 + -5423353?
-5423352
In base 10, what is -19364 - -12?
-19352
In base 14, what is -ca + -87?
-173
In base 10, what is -100 - 798?
-898
In base 14, what is 514 + 2?
516
In base 16, what is -e - -c?
-2
In base 8, what is 4 + 1210177?
1210203
In base 9, what is 34470 + 15?
34485
In base 11, what is 3a8a2 + -4?
3a899
In base 15, what is e + -5c3?
-5b4
In base 9, what is -408 + 28?
-370
In base 10, what is 272 + -194?
78
In base 10, what is 617 - -737?
1354
In base 13, what is 9c0 - -10?
a00
In base 4, what is -213320 - -31020?
-122300
In base 2, what is -10 - -100001000001010001?
100001000001001111
In base 5, what is -102331 - -333?
-101443
In base 2, what is -101001100000010 + -111?
-101001100001001
In base 15, what is -95cd8 - 4?
-95cdc
In base 7, what is -2042 + -13206?
-15251
In base 10, what is -700 - 2?
-702
In base 4, what is 23122333 + 3?
23123002
In base 14, what is 2c1a + -1?
2c19
In base 7, what is -15461656 - -1?
-15461655
In base 4, what is -3110123 + 1?
-3110122
In base 5, what is 430214343 + 1?
430214344
In base 9, what is -2 + -666438?
-666441
In base 3, what is 2220 - 11122110?
-11112120
In base 5, what is -12222 + 210?
-12012
In base 5, what is 10 + -401130?
-401120
In base 10, what is 1368155 + 0?
1368155
In base 5, what is 40 - 12132?
-12042
In base 11, what is -3a52 + -90a?
-4861
In base 7, what is 263 - -1155?
1451
In base 4, what is 12030 + 22303?
100333
In base 6, what is -10 - -1345525?
1345515
In base 16, what is -937 - -6?
-931
In base 5, what is 3302 + 221?
4023
In base 4, what is -2033002 + -3?
-2033011
In base 2, what is -1111100 - 10000001?
-11111101
In base 6, what is 52431 + -3?
52424
In base 6, what is -322 - 15001?
-15323
In base 14, what is 20 + -284c?
-282c
In base 12, what is 159806 - 5?
159801
In base 11, what is 14a26 - -3?
14a29
In base 12, what is 0 + -3b084?
-3b084
In base 14, what is -35b - -2c?
-32d
In base 9, what is -126 + -106121?
-106247
In base 14, what is -5 + -107b7?
-107bc
In base 16, what is 1 - -570d1?
570d2
In base 3, what is 20 - 102011?
-101221
In base 13, what is 590 - -11c?
6ac
In base 9, what is 732 - 5386?
-4554
In base 15, what is 0 - -725bb?
725bb
In base 4, what is 10 - -103130230?
103130300
In base 7, what is 43 + 11131?
11204
In base 16, what is -2 + 3feb?
3fe9
In base 10, what is 0 - 4235?
-4235
In base 15, what is c9a - 5b?
c3e
In base 6, what is -23230 - 2215?
-25445
In base 8, what is -467 + -42?
-531
In base 10, what is -5 - 366088?
-366093
In base 12, what is -277 + -92?
-349
In base 16, what is 353b21 - -2?
353b23
In base 2, what is 11011110011 + 1101?
11100000000
In base 5, what is 33 + -102131?
-102043
In base 4, what is 12200101 + 10?
12200111
In base 9, what is -168205 - 4?
-168210
In base 4, what is -302131 - 1012?
-303203
In base 7, what is 1021342 - 12?
1021330
In base 11, what is -10791 - 1?
-10792
In base 5, what is -14101014 - 3?
-14101022
In base 7, what is 202 - 63202?
-63000
In base 8, what is -102021 + 11?
-102010
In base 5, what is 10123 - 2022?
3101
In base 15, what is -4 + 19691?
1968c
In base 2, what is 110 + -1011111100001?
-1011111011011
In base 9, what is -5 + -504?
-510
In base 2, what is -111100010001101000 + -11?
-111100010001101011
In base 13, what is -24591 - 6?
-24597
In base 3, what is 1002211222 + 122?
1002212121
In base 14, what is -2a + -10?
-3a
In base 6, what is -103 + 103345?
103242
In base 3, what is 1000021121210 + 11?
1000021121221
In base 15, what is -3 + -b0b33?
-b0b36
In base 15, what is 6d - -733?
7a1
In base 16, what is 1 + -1e352?
-1e351
In base 2, what is 0 + 11000100110111?
11000100110111
In base 6, what is -154 - 113405?
-114003
In base 7, what is -22242652 - -5?
-22242644
In base 3, what is -20 - 120122101211?
-120122102001
In base 16, what is 100e - 0?
100e
In base 2, what is -100 + 11100011101111001010?
11100011101111000110
In base 16, what is -149 + -1c6a?
-1db3
In base 4, what is -13 + -12131102?
-12131121
In base 9, what is -65 + 445?
370
In base 4, what is -20 + 12120011?
12113331
In base 16, what is -37 + 6b5c?
6b25
In base 14, what is d0818 + 3?
d081b
In base 10, what is -5 - -190959?
190954
In base 14, what is 64d5 + 7?
64dc
In base 8, what is 123103 + 2?
123105
In base 11, what is 2 + 62a9a4?
62a9a6
In base 4, what is 223320 + 223?
230203
In base 9, what is -7 - -83674?
83666
In base 8, what is 346366 - 4?
346362
In base 5, what is -412 - 2042210?
-2043122
In base 2, what is 10111000011000111110 + -10?
10111000011000111100
In base 7, what is 5 - -12044?
12052
In base 9, what is -11521 - 211?
-11732
In base 15, what is -25 + 5bb2?
5b8c
In base 16, what is -5 + 39b7?
39b2
In base 12, what is a03 + 4?
a07
In base 9, what is -1 + -1055261?
-1055262
In base 4, what is -23 - -223230333?
223230310
In base 12, what is 1990a0 + -5?
199097
In base 5, what is 3 - 2222134?
-2222131
In base 14, what is 17834 - b?
17827
In base 5, what is -1 - 114011?
-114012
In base 10, what is 40 + -5327?
-5287
In base 9, what is 128 - 873?
-744
In base 6, what is 10145541 - 3?
10145534
In base 8, what is -75 + 3332?
3235
In base 12, what is 19b2 + -236?
1778
In base 7, what is 114051 + 5?
114056
In base 6, what is -1345542 + -41?
-1350023
In base 14, what is 8 - b81d?
-b815
In base 15, what is -1 + -99db2?
-99db3
In base 15, what is 2 - -25591?
25593
In base 11, wh